uppose k*f - 53 = -2. Let c(o) = -o**3 + 3*o**2 + 2*o - 1. Give c(f).
5
Let z(x) = 2*x + 11*x**3 - 97*x**3 + 89*x**3 - 8 - 3*x**2. Let p(g) be the third derivative of -g**3/6 + g**2. Let q(f) = 6*p(f) - z(f). Determine q(2).
-14
Let k(y) = -8*y**3. Let j be k(-1). Let z(l) = 7*l**2 + 2 + 5 - l**3 - 1 - j*l. Suppose 2*i + 45 = 4*f + 9*i, 0 = 2*f - 5*i + 3. Give z(f).
-6
Suppose -4*v - 227 = -t - v, 5*t - 1078 = -4*v. Suppose -2*z - 62 = -2*w - t, 5*w = -4*z + 339. Let n = 85 - z. Let s(c) = c - 4. Determine s(n).
0
Suppose 4*g = 3*d - 8, 9*d + g = 11*d - 2. Suppose d = 298*p - 296*p - 10. Let y(t) = -t + 12. Give y(p).
7
Let d be ((-2)/(-3))/(3/(-9)). Let o(g) be the third derivative of g**4/24 - g**3 - 60*g**2. Let t(w) = 2*w - 7. Let h(x) = d*t(x) + 3*o(x). Determine h(-6).
2
Let i(b) = -10*b + 4. Let q(o) = -5*o + 2. Let t(a) = 4*i(a) - 9*q(a). Suppose 5*u = 25, h - 29*u + 27*u = -6. Calculate t(h).
18
Suppose 0 = 5*z + 20, 2*m + 3*z = 2*z + 4. Suppose 2*c = -i - 5, -c + m = -2*c - i. Let x(d) be the third derivative of -d**4/24 - d**3/3 + 9*d**2. Give x(c).
-1
Let v(w) = -w**2 + 2*w + 3. Let o be (1/(-4))/(4/16). Let c be 0 + (3 - 5)*-1*o. What is v(c)?
-5
Suppose 5*d + t = 87, 4*d - 4*t = t + 58. Let g(m) be the third derivative of -m**5/60 + 17*m**4/24 - 3423*m**2. What is g(d)?
0
Let m(z) be the third derivative of z**4/24 + z**3/6 + 2*z**2. Let x be (-2)/9 + (-1330)/90. Let f = -12 - x. What is m(f)?
4
Let r(x) = x**2 + 22*x + 120. Let m = 7470 - 7480. Give r(m).
0
Suppose 41 = 4*l + 17. Let o(u) = 39*u + 1620. Let r(s) = 9*s + 377. Let f(c) = 10*o(c) - 43*r(c). Determine f(l).
7
Let m be (6/(-1) + (-4408)/(-725))*25. Let l(w) = -5. Let v(f) = -f + 5. Let x(q) = -5*l(q) - 6*v(q). Determine x(m).
7
Let r(f) = -5*f**2 + 10*f - 2. Let w(c) = c**2 + c + 1. Let v(t) = -r(t) - 3*w(t). Let z be v(7). Let i(n) = n**2 - 9*n + 2. Give i(z).
-16
Let g(k) = -k**3 - 31*k**2 - 3*k - 70. Let u be g(-31). Let r(i) = -24 - u + 46 + 4*i. Determine r(-1).
-5
Let h(d) = d - 20. Let v(u) = -25*u + 75. Let o(f) = 4*h(f) + v(f). Calculate o(1).
-26
Let l(t) = -3*t + 70. Let h = 87 + -65. Let w be l(h). Suppose 3*c - 24 = -3*d, -d + 22 = w*d - c. Let u(i) = -i**2 + 8*i - 6. Give u(d).
9
Let c(s) = 7*s - 94224 - 94213 + 188446 + 7*s**2. What is c(-3)?
51
Let r = -1 - -7. Suppose -2*j = -o + 14 - r, -12 = -o - 2*j. Let h(x) = o*x - 3 + 0 + 2. Determine h(-1).
-11
Let u(q) = -99*q - 303. Let x(k) = -2*k - 27. Let h(s) = -u(s) - 5*x(s). Determine h(-4).
2
Let a be (36/(-8) + 3)*(-4)/3. Suppose -9 = 3*f, -r = a*r + 3*f + 3. Let y(m) = 2*m**2 - 3*m**r - 175*m**3 + 176*m**3. Calculate y(0).
0
Suppose -4*q - 11*q = 47 - 137. Let c(k) = 2*k**2 + 6*k - 14. Give c(q).
94
Let k(x) = x - 3. Let r = 24 - 24. Let f be 10*1 + (-2 - r). Let v be (3/f)/((-2)/(-16)). Give k(v).
0
Let j be (1/(-2))/((-2)/(-4)). Let n(m) be the second derivative of 0 + 0*m**2 + 29*m + 1/6*m**3 + 5/4*m**4. Calculate n(j).
14
Let c(d) = -d**3 - 6*d**2 - 11*d - 16. Let r be c(-4). Let f(t) = 3*t**2 + t + t**3 + 2*t**2 - 2*t**2 + 2 - 6*t. Determine f(r).
6
Let q(y) = -32*y - 536. Let g(i) = 5*i + 89. Let d(p) = 13*g(p) + 2*q(p). Calculate d(-28).
57
Let o(g) = 6*g**2 - 15*g + 2 + 14*g**2 - 13*g**2 - 8*g**2. Calculate o(-16).
-14
Suppose 0 = 12*n + 56 - 20. Let h(i) = -11*i - 7. What is h(n)?
26
Let n(c) be the first derivative of c**5/60 - c**4/3 + c**3/6 + 49*c**2/2 + 93. Let y(q) be the second derivative of n(q). Determine y(6).
-11
Suppose 3*u = -3*w + 3, 5*u - 4 = -6*w + 2*w. Suppose u = 4*i - 48 + 48. Let a(g) = -1 - 2 - 2*g**2 + 3*g**2. Give a(i).
-3
Let g be (1/(-3))/((-10)/840*-2). Let j(u) be the third derivative of -u**5/60 - 7*u**4/12 - 3*u**3/2 + 5*u**2 + 3*u. What is j(g)?
-9
Let g(y) be the second derivative of -y**4/12 + y**3/3 - 10*y**2 - 8*y + 41. Determine g(0).
-20
Let u(k) = 89*k - 271*k + 303 + 92*k + 83*k. Give u(42).
9
Let b(f) be the first derivative of 1/40*f**5 - 1/6*f**4 + 0*f**2 - 25/3*f**3 + 9 + 0*f. Let r(x) be the third derivative of b(x). Give r(4).
8
Let u be ((-60)/18)/((-10)/12). Suppose -u*j = -5*m + 11, -4*m + 3*m = 4*j - 7. Let n(w) = w + 1. What is n(m)?
4
Let g(c) be the second derivative of -c**4/12 + 5*c**3/6 + 17*c**2/2 + 724*c. Give g(9).
-19
Let k(t) = 19*t**2 - 6*t + 7. Let d(i) = -i**2 - 296*i - 1739. Let s be d(-6). Give k(s).
20
Let q(d) = d**3 - 2*d**2 - 1. Let z(m) = 22 + 2*m**2 + 8*m - 5*m**2 + 2*m**2. Let s be z(10). Let c be -3 - s/(-1) - -4. Give q(c).
8
Let i(k) = k**2 - 5. Let x = 27 + -27. Let y = 4 - 0. Let p be (x/(-1))/(-5)*(-2)/y. What is i(p)?
-5
Let q(x) = -79*x**2 + x - 7. Let s(t) = 95*t**2 - t + 8. Let l(k) = 6*q(k) + 5*s(k). Calculate l(-5).
18
Let f(d) = d**2 + 2*d + 1. Let g = 127 + -125. Suppose 4*h = 5*k - 2*k + 8, 12 = -g*k - 4*h. Determine f(k).
9
Let k(i) = i**2 + i + 3. Let v(f) = 44*f**2 - 265*f + 6. Let w be v(6). Suppose w = 56*n - 42*n - 42. What is k(n)?
15
Let z(i) be the third derivative of i**5/30 - 19*i**4/24 - 335*i**3/6 - 16*i**2 + i + 3. What is z(-9)?
-2
Let s(g) = g**2 + 15*g + 30. Let l(c) be the first derivative of -c**4/4 - 5*c**3/3 + 15*c**2/2 + 62*c - 19. Let w be l(-5). Determine s(w).
4
Suppose -y = -3*h - 43, -4*y - 5*h + 0*h = -172. Let q(i) = 10 - 51 - 3*i + y. Give q(-10).
32
Let l(d) = d**3 - d**2 - 4*d. Suppose 7 + 5 = 3*j. Let v be -2 + -1 + 12/(j + -2). Give l(v).
6
Let w(x) be the second derivative of 1/3*x**3 - 1/2*x**4 + 42 - 3*x**2 + 2*x + 1/20*x**5. Determine w(5).
-21
Let f(c) = c**2 - c - 12. Let n(j) be the second derivative of j**5/10 + 13*j**4/6 - 5*j**3 - 14*j**2 + 20*j + 2. Let u be n(-14). Determine f(u).
-12
Let u(c) = -c**2 - 3*c + 13. Let x be u(-5). Suppose -290*t = -287*t - x. Let h(j) = -j**3 + j**2 - j. Give h(t).
-1
Let p(u) be the first derivative of -u**4/4 + 4*u**3 - 29*u**2/2 - 21*u - 2270. Give p(8).
3
Let u(y) be the first derivative of y**4/4 + 4*y**3/3 - 4*y**2 - 8*y - 13863. Let x = 7 - 13. What is u(x)?
-32
Suppose 3*l + 30 = 6*l. Let q(h) = 12*h - 26*h + 4*h + 495*h**2 - 494*h**2 - 10. Give q(l).
-10
Suppose -8*g - 267 + 243 = 0. Let q(d) = -d**2 + 2*d + 9. Let t(o) = -o**2 + 3*o + 10. Let n(a) = -6*q(a) + 5*t(a). Give n(g).
-4
Let r = -26557 + 26548. Let o(c) = c + 21. Determine o(r).
12
Suppose -648 = 2*v - 2*u, 14*u + 980 = -3*v + 15*u. Let t = -330 - v. Let s(b) be the first derivative of b**2/2 + 2*b - 3. Calculate s(t).
0
Let h be 3/(3/(-28))*((-368)/(-64))/(-23). Let v(f) = 13*f + 2. Calculate v(h).
93
Let a(t) be the third derivative of t**4/24 + 5*t**2. Let z = -49 - -132. Let f = -79 + z. Calculate a(f).
4
Suppose -2*z - 5*v = -4, 5*v + 19 = 2*z + 55. Let q be (1 - z) + 4/(-1) + -4. Let d(p) = -12*p + 1. Determine d(q).
-11
Suppose 9*u - 16 = 7*u + 2*q, 0 = u - 3*q - 2. Let j(i) = 167033*i**2 - 15*i + 6*i + u - i**3 - 167024*i**2. Let d be 6 - (0 + -1 + -1). Determine j(d).
3
Let h(o) = 6 + 5*o + o**2 - 6*o**2 + o**2 + 3*o + 2*o. Give h(6).
-78
Let r(g) = 5*g + 32. Let d = -564 + 558. Determine r(d).
2
Let x = 3754 + -3754. Let h(m) = m**3 - m**2 + 2*m - 9. Calculate h(x).
-9
Let m(t) = t**3 - 15*t**2 - 3*t + 71. Let b be -1 + ((-152)/(-12) - -2) + 72/54. Determine m(b).
26
Suppose -182*l + 0*l = 1092. Let g(u) = u**3 + 7*u**2 + 4*u + 6. Give g(l).
18
Let u(f) be the first derivative of f**5/60 - 5*f**4/12 + 5*f**3/3 - 75*f**2/2 + 92. Let j(x) be the second derivative of u(x). What is j(8)?
-6
Suppose -3*j - 1 = -m + 6, 0 = 2*m - j + 1. Let q = m - -2. Let v(s) = -412*s - 26. Let g(l) = -183*l - 12. Let t(b) = 9*g(b) - 4*v(b). What is t(q)?
-4
Let c(b) = 46 - 165*b + 171*b - 121 + 37 + 47. Determine c(-4).
-15
Let j(a) = -44 + 58 - 21 - 16*a - 44 - 8. Determine j(-4).
5
Let n(q) = -7*q - 3. Let v be n(-1). Let p(s) = -1 + 0*s - v*s + 0*s + 2 - s**2. Let b = 75 + -80. Give p(b).
-4
Let p(m) = -76*m + 11. Let y be p(2). Let h be 4/16 - y/12. Suppose -4*s = -l - 18 - h, -3*s + 30 = 3*l. Let b(u) = 2*u. Calculate b(s).
16
Let o be ((-3 - -5) + -12)*120/600. Let x(n) = -98*n - 202. Determine x(o).
-6
Let z be ((-16)/20)/((-16)/520). Let x(l) = -31 - 27 - z - l + 84. Determine x(8).
-8
Let j = -2258 + 2273. Let d(b) = -b**3 + 15*b**2 - 13. What is d(j)?
-13
Let s = -4 + 4. Let o = 45 + -40. Let r(c) = -c - 427*c**2 - o + 426*c**2 + 8. Give r(s).
3
Suppose 0 